are the prime factors of w?
5, 19
Suppose -2*s + 5*v + 9 = 0, -4*v - v = s + 3. Suppose -s*n + 14 = -n. Let j = 74 - n. What are the prime factors of j?
2, 3, 5
Let d(p) = -36*p - 455. What are the prime factors of d(-27)?
11, 47
Suppose -5*i + 19 = -56. Let q = i + -9. List the prime factors of q/9*(-3 + 21).
2, 3
Let y(o) = -o + 10. Let a be y(6). Suppose -t + 16 = 3*t, -a*h + 4*t + 52 = 0. Suppose -2*l - h = -65. List the prime factors of l.
2, 3
Let a = 4877 + -361. List the prime factors of a.
2, 1129
Let i(z) = z**3 + 7*z**2 + 5*z - 7. Let t be (2 - (-3)/6)*-2. Let u be i(t). Suppose v = -v + u. What are the prime factors of v?
3
Suppose 627 = 11*o + 176. List the prime factors of o.
41
Let r(u) = u + 61. Let z(m) = 2*m + 91. Let d(c) = 8*r(c) - 5*z(c). What are the prime factors of d(15)?
3
Suppose 2*u - 134 = -0*u. Suppose l + 3 = u. Suppose -3*b = b - l. List the prime factors of b.
2
Suppose -437*i - 44325 = -452*i. What are the prime factors of i?
3, 5, 197
Let s(j) = -j**3 + 5*j**2 - 4*j - 3. Let w be s(5). Let d = -1 - w. List the prime factors of d.
2, 11
Let o(b) = b**3 - 5*b**2 + 5*b - 3. Let t be o(3). Let u = -5 + t. Let s = 0 - u. What are the prime factors of s?
11
Let u be -1*2/(-3)*9. Let q be ((-26)/u)/((-4)/12). Suppose 0 = -17*l + q*l + 64. List the prime factors of l.
2
Suppose 2*j = -b + 1676, -2*j - 2*b = -j - 832. What are the prime factors of j?
2, 3, 5, 7
Let u(q) = -q**3 - 7*q**2 + 3*q - 7. Let p be u(-6). What are the prime factors of 5 + (5 - p)/3?
3
Suppose -h - 41 = -5*z, 2*z + 6 = -h - 0*h. Let f = h - -19. Suppose f*d - 4*a - 25 = 0, -99 + 34 = -3*d - 4*a. What are the prime factors of d?
3, 5
Let l = 26 + -17. Suppose -1496 = -l*q - 2*q. List the prime factors of q.
2, 17
Let t be (12/16)/((-2)/8). What are the prime factors of (t/6)/((-1)/40)?
2, 5
What are the prime factors of (-133*(-2)/14)/((-1)/(-10))?
2, 5, 19
Let a(j) = -3*j - 38. Let d be a(-9). Let s(p) = -12*p - 4. List the prime factors of s(d).
2
Let r(p) = -p + 36. Suppose 0 = -10*i + 5*i. List the prime factors of r(i).
2, 3
Let x(o) be the first derivative of o**3/3 + 3*o**2/2 + 5*o + 10. What are the prime factors of x(7)?
3, 5
Suppose -70 = 5*t + 5*j, -t + 3*t - 2*j = -40. Let u(w) = -w**2 - 25*w - 12. List the prime factors of u(t).
2, 31
Let v = 221 + 194. Suppose -26*b + 21*b + v = 0. What are the prime factors of b?
83
List the prime factors of 0/(-2) + (-35159 - 9)/(-16).
2, 7, 157
List the prime factors of (4 - 2) + (-2 - (-363)/1).
3, 11
Let y(v) = -v**2 + 7*v - 6. Let s be y(4). Let d = -6 + s. Suppose d = -2*t + 13 + 1. List the prime factors of t.
7
List the prime factors of (-3)/((-9)/8)*(-37152)/(-64).
2, 3, 43
Suppose 0 = -3*z + 4*z + 5*m + 45, 54 = -2*z + 2*m. Let f = -634 + 619. What are the prime factors of (-18)/(-4) + f/z?
5
Suppose 0 = d - 3*c + 15, 3*d - 2*c + 37 = -c. Suppose -6*n + 2*n = r + 59, -4*n = -4*r - 196. List the prime factors of 4/((d/r)/2).
2, 17
List the prime factors of -370*(-4 - (-51)/15).
2, 3, 37
Let f(k) = -177*k - 100. What are the prime factors of f(-4)?
2, 19
Let u = -148 - -715. List the prime factors of u.
3, 7
Suppose 76*l - 60500 = 32*l. What are the prime factors of l?
5, 11
Suppose -4*l = -3*s - 679 - 88, -387 = -2*l + 5*s. List the prime factors of l.
191
Suppose 0 = -3*k, -4*k + 4092 = 2*y - 6*k. List the prime factors of y.
2, 3, 11, 31
Let k(q) = -2*q**2 + 15*q - 13. Let h be k(7). What are the prime factors of h*(-508)/60 + 2/10?
3, 17
Suppose 0 = -t - 0*z + 3*z + 16, -2*t + 59 = 3*z. Suppose l + 83 = f + t, 0 = -4*f + 5*l + 232. What are the prime factors of f?
2, 29
Suppose 6 - 78 = -2*a. List the prime factors of ((-127)/2)/((-18)/a).
127
Let u be (10/(-15))/((-2)/93). Let n be 2/10 + u/(-5). Let d(i) = i**3 + 8*i**2 + 8*i - 3. What are the prime factors of d(n)?
3, 7
Suppose 5*m = -t + 200, -5*t - 11*m + 944 = -14*m. What are the prime factors of t?
2, 5, 19
Let p be 2*3 - 2/(-5)*-10. Suppose -p*s + 5*o = -468, -6 + 2 = -2*o. What are the prime factors of s?
239
Suppose 22 = -0*f + f. Let a be f + 4/(-8 + 4). Suppose 0 = -4*i - 5 + a. What are the prime factors of i?
2
Suppose -2*v = 10, 4*v + 62 = 5*h - 3. Suppose -4*n + 222 = 2*a, 5*a + h*n - 7*n = 539. List the prime factors of a.
107
Suppose -455*l = -465*l + 35460. List the prime factors of l.
2, 3, 197
Let q = -388 - -652. List the prime factors of q.
2, 3, 11
Let l be ((-1)/(-2))/(4/24). Let c(d) = -d**l + 9*d + 0*d**2 + 7*d**2 + 74 - 77. What are the prime factors of c(8)?
5
Let v(p) = p - 3. Let l be v(6). What are the prime factors of 224/42*l/2?
2
Let g(z) = z**3 - z**2 - z + 2. Let h be g(-2). Let n = h + 6. What are the prime factors of (-3)/n*(2 - -8)?
3, 5
Suppose 5*g = -2*z - 945, -2*z - 170 - 11 = g. Let j = 273 + g. List the prime factors of j.
2, 41
Let j(c) = c**2 + 2*c - 3. Let o be j(-3). Let k(f) be the third derivative of f**5/60 + 31*f**3/6 - 13*f**2 - 3*f. What are the prime factors of k(o)?
31
Let g = 763 + -525. Suppose -g - 146 = -4*t. Suppose t - 6 = 6*y. What are the prime factors of y?
3, 5
Suppose -4*v - 36 + 0 = -2*b, 5*b + 2*v = 90. Let t = -4 + b. Let r(n) = -n**2 + 16*n + 10. List the prime factors of r(t).
2, 19
Let f = 122 - 118. Suppose r = f*i - 1014, -3*i + 282 = -4*r - 485. List the prime factors of i.
11, 23
Let t(r) = -r**3 + 17*r**2 - 16*r - 2. Let l be t(16). Let h = 37 - l. List the prime factors of h.
3, 13
Suppose -21*k + 23*k = 56. List the prime factors of k.
2, 7
Let v(a) = 18*a - 160. List the prime factors of v(16).
2
Let n(u) = u**2 + 8*u + 7. What are the prime factors of n(-26)?
5, 19
Let f be (-4)/4 + 14 - -1. Let l(x) = x - 5. Let b be l(f). Let v = 14 - b. What are the prime factors of v?
5
Let g(a) = 6*a**2 - 43*a - 218. What are the prime factors of g(-26)?
2, 3, 7, 59
Let t = 187 + 125. List the prime factors of t.
2, 3, 13
Let z be (-76)/(-6)*(-270)/180. Let f(t) = 18*t**2 - 15*t + 4*t**3 - 6*t - 3*t**3 - 19. List the prime factors of f(z).
19
Suppose 6*y - 3*y = 3*h + 21, 4*y - 5*h - 33 = 0. Suppose 351 = y*k + 65. List the prime factors of k.
11, 13
Let c(r) = r**2 - r. Let x(n) = -3*n**2 + 6*n + 1. Let k(y) = 4*c(y) + x(y). Let d be k(0). Let a(l) = 19*l**2 - 3*l + 1. List the prime factors of a(d).
17
Let m(t) = t**3 + 2*t**2 + 43. List the prime factors of m(0).
43
Suppose 0 = -3*g + 12 - 0. Let c(p) = -10*p - 9. Let f be c(g). What are the prime factors of 2/(-14) + (-1820)/f?
37
Let n = -52 - -102. Let q = n + -134. Let j = -46 - q. What are the prime factors of j?
2, 19
Let r = -2028 + 7996. Suppose -3*v + r = 1972. List the prime factors of v/54 - (-2)/6.
5
Let s = 138 + -54. Suppose -5*r = -106 - s. Suppose -v = -r - 6. List the prime factors of v.
2, 11
Let l = 11 - 6. Suppose 2 = -3*m - 5*b, -m - 2*m + l = -2*b. What are the prime factors of m*(-1 - 0 - -37)?
2, 3
Suppose 3*j = 2*j. Let s be j - (-3 - (0 - 1)). Suppose -k = -s*k + 47. List the prime factors of k.
47
Let u(h) = -h**2 + 18*h - 9. Let d be u(6). List the prime factors of 95*(4/6)/(70/d).
3, 19
Suppose 46*a - 3700 = 41*a. List the prime factors of a.
2, 5, 37
Suppose 49 = -p + 28. Let j = 79 - p. List the prime factors of j.
2, 5
Let v(y) = -y**3 - 11*y**2 + 7*y + 6. Let t be v(-11). Let k = 141 + t. What are the prime factors of k?
2, 5, 7
Let o = -2575 - -3864. List the prime factors of o.
1289
Let t be -3*((-4)/6)/(6/9). What are the prime factors of (230/40)/((-2)/(-32)) - t?
89
Let k(g) = -561*g - 4. What are the prime factors of k(-4)?
2, 5, 7
Suppose -3*b = -d + 49 - 1, -2*b - 2*d - 40 = 0. Let z = -13 - b. Suppose -2*t - w = 18 - 55, 0 = -5*t + z*w + 125. What are the prime factors of t?
3, 7
Let t(y) = -y + 1. Let z(v) = 2*v - 13. Let q(k) = 3*t(k) + z(k). Let c be q(-13). Suppose -9*n + c*n = -174. List the prime factors of n.
29
Suppose -u + 24 = 4. Let k = 96 - u. List the prime factors of k.
2, 19
Suppose 36*x = -11*x + 21855. What are the prime factors of x?
3, 5, 31
Let z(r) = -r + 23. Let p be z(-10). Suppose -o - p = -80. Suppose 5*a - o - 83 = 0. List the prime factors of a.
2, 13
Suppose 6*k = k + 15. Suppose 4*y - 10 = -2*a, k*y - 3*a = a + 24. Suppose u - 110 = -y*v, -4*v + 61 = -u - 53. List the prime factors of v.
2, 7
Let r = -27 + 30. Suppose -i = -4*s - 6*i + 14